51?
1
What is the ten thousands digit of 41075?
4
What is the ten thousands digit of 1230452?
3
What is the hundreds digit of 101479?
4
What is the ten thousands digit of 144729?
4
What is the units digit of 17707?
7
What is the ten thousands digit of 596767?
9
What is the thousands digit of 428448?
8
What is the tens digit of 1032459?
5
What is the ten thousands digit of 10767746?
6
What is the ten thousands digit of 1853917?
5
What is the hundred thousands digit of 5196252?
1
What is the hundreds digit of 266135?
1
What is the hundreds digit of 24233914?
9
What is the thousands digit of 64186?
4
What is the thousands digit of 1351294?
1
What is the millions digit of 4090225?
4
What is the ten thousands digit of 380619?
8
What is the units digit of 196100?
0
What is the hundred thousands digit of 8131370?
1
What is the hundreds digit of 1378290?
2
What is the hundreds digit of 877477?
4
What is the units digit of 3553483?
3
What is the hundreds digit of 615867?
8
What is the hundreds digit of 1327448?
4
What is the thousands digit of 687187?
7
What is the thousands digit of 1088821?
8
What is the units digit of 408297?
7
What is the ten thousands digit of 217948?
1
What is the units digit of 63854?
4
What is the hundred thousands digit of 148306?
1
What is the units digit of 4093757?
7
What is the thousands digit of 14089226?
9
What is the thousands digit of 12382092?
2
What is the units digit of 6245724?
4
What is the ten millions digit of 11939238?
1
What is the ten thousands digit of 6633838?
3
What is the tens digit of 2862278?
7
What is the tens digit of 2002668?
6
What is the thousands digit of 169607?
9
What is the thousands digit of 25275?
5
What is the millions digit of 5845436?
5
What is the hundred thousands digit of 236261?
2
What is the ten thousands digit of 6476917?
7
What is the tens digit of 379836?
3
What is the millions digit of 1264714?
1
What is the hundred thousands digit of 117248?
1
What is the hundred thousands digit of 664896?
6
What is the units digit of 4625199?
9
What is the hundreds digit of 130007?
0
What is the units digit of 184548?
8
What is the tens digit of 200135?
3
What is the units digit of 105419?
9
What is the hundred thousands digit of 331473?
3
What is the hundreds digit of 1439749?
7
What is the units digit of 1053398?
8
What is the hundred thousands digit of 1411041?
4
What is the hundreds digit of 109531?
5
What is the hundred thousands digit of 2086727?
0
What is the thousands digit of 8600493?
0
What is the thousands digit of 521261?
1
What is the thousands digit of 272621?
2
What is the hundred thousands digit of 1496485?
4
What is the millions digit of 9813411?
9
What is the units digit of 32296?
6
What is the millions digit of 1539992?
1
What is the ten thousands digit of 29484494?
8
What is the ten thousands digit of 552816?
5
What is the ten thousands digit of 25109?
2
What is the hundred thousands digit of 421318?
4
What is the tens digit of 334295?
9
What is the tens digit of 466449?
4
What is the ten thousands digit of 456922?
5
What is the hundred thousands digit of 6803656?
8
What is the ten thousands digit of 601196?
0
What is the tens digit of 24561317?
1
What is the millions digit of 20615797?
0
What is the hundred thousands digit of 3358613?
3
What is the thousands digit of 2091091?
1
What is the units digit of 73642?
2
What is the thousands digit of 10440549?
0
What is the hundreds digit of 381841?
8
What is the ten thousands digit of 1183188?
8
What is the hundred thousands digit of 132263?
1
What is the ten thousands digit of 393757?
9
What is the units digit of 489941?
1
What is the ten thousands digit of 4946470?
4
What is the tens digit of 328215?
1
What is the millions digit of 2146020?
2
What is the units digit of 899453?
3
What is the hundreds digit of 114249?
2
What is the units digit of 4821598?
8
What is the tens digit of 4359284?
8
What is the hundreds digit of 1264881?
8
What is the ten thousands digit of 20315605?
1
What is the tens digit of 1604642?
4
What is the units digit of 1641644?
4
What is the hundred thousands digit of 2008947?
0
What is the hundred thousands digit of 206774?
2
What is the millions digit of 6088110?
6
What is the tens digit of 474077?
7
What is the units digit of 453514?
4
What is the ten thousands digit of 171694?
7
What is the millions digit of 3821527?
3
What is the units digit of 1125939?
9
What is the ten thousands digit of 149101?
4
What is the tens digit of 1103554?
5
What is the hundred thousands digit of 708598?
7
What is the hundred thousands digit of 890812?
8
What is the thousands digit of 532102?
2
What is the ten thousands digit of 195711?
9
What is the hundreds digit of 7636084?
0
What is the hundreds digit of 392828?
8
What is the ten millions digit of 43620861?
4
What is the units digit of 1707109?
9
What is the units digit of 215583?
3
What is the thousands digit of 203497?
3
What is the hundred thousands digit of 101914?
1
What is the units digit of 5077123?
3
What is the thousands digit of 4141638?
1
What is the thousands digit of 226809?
6
What is the ten thousands digit of 328745?
2
What is the hundred thousands digit of 178919?
1
What is the millions digit of 4667284?
4
What is the tens digit of 231174?
7
What is the ten thousands digit of 39754?
3
What is the hundreds digit of 929?
9
What is the hundreds digit of 1242858?
8
What is the ten millions digit of 12211798?
1
What is the hundreds digit of 982663?
6
What is the hundred thousands digit of 522165?
5
What is the units digit of 389425?
5
What is the ten thousands digit of 113009?
1
What is the units digit of 2220113?
3
What is the hundreds digit of 8380275?
2
What is the millions digit of 4254999?
4
What is the units digit of 55145?
5
What is the units digit of 8779619?
9
What is the hundred thousands digit of 23827030?
8
What is the units digit of 181201?
1
What is the hundreds digit of 599233?
2
What is the tens digit of 1217772?
7
What is the thousands digit of 31430?
1
What is the ten thousands digit of 1299877?
9
What is the hundred thousands digit of 29804415?
8
What is the millions digit of 1720186?
1
What is the units digit of 2563952?
2
What is the thousands digit of 1426179?
6
What is the hundred thousands digit of 15568369?
5
What is the hundreds digit of 566149?
1
What is the ten thousands digit of 16131068?
3
What is the tens digit of 4781858?
5
What is the ten thousands digit of 7519794?
1
What is the ten thousands digit of 173187?
7
What is the ten thousands digit of 769305?
6
What is the thousands digit of 916218?
6
What is the units digit of 6102510?
0
What is the hundreds digit of 197051?
0
What is the thousands digit of 638392?
8
What is the units digit of 5176008?
8
What is the hundred thousands digit of 137850?
1
What is the thousands digit of 142811?
2
What is the millions digit of 1404445?
1
What is the hundred thousands digit of 6262607?
2
What is the hundreds digit of 27730218?
2
What is the thousands digit of 786264?
6
What is the hundred thousands digit of 181889?
1
What is the ten thousands digit of 74874?
7
What is the hundreds digit of 3411067?
0
What is the units digit of 2164885?
5
What is the hundred thousands digit of 17643706?
6
What is the units digit of 337557?
7
What is the tens digit of 3949?
4
What is the thousands digit of 213231?
3
What is the thousands digit of 2448303?
8
What is the hundreds digit of 12431636?
6
What is the millions digit of 7511445?
7
What is the thousands digit of 3335885?
5
What is the hundreds digit of 395212?
2
What is the millions digit of 2040030?
2
What is the millions digit of 1176721?
1
What is the hundreds digit of 5762692?
6
What is the millions digit of 2355791?
2
What is the thousands digit of 1323959?
3
What is the thousands digit of 181928?
1
What is the units digit of 10782989?
9
What is the ten thousands digit of 13295342?
9
What is the hundred thousands digit of 713735?
7
What is the units digit of 250205?
5
What is the hundreds digit of 28429?
4
What is the thousands digit of 866815?
6
What is the tens digit of 172627?
2
What is the units digit of 2076535?
5
What is the tens digit of 2862204?
0
What is the tens digit of 1630393?
9
What is the units digit of 13257350?
0
What is t